= -3*q - 2. What is i(g)?
7
Let l be -1 - 1/((-4)/16). Let c(a) = 10*a - 15*a + l - 4. Give c(2).
-11
Let j(r) = -r - 3. Let y(h) = 3*h. Let x(z) = j(z) - 2*y(z). Give x(-2).
11
Let g = 41/3 + -40/3. Let q(d) be the second derivative of 3*d + 0 + 1/20*d**5 + 1/3*d**3 - 5/2*d**2 - g*d**4. Calculate q(4).
3
Let c(f) = 68*f - f**3 - 70*f - 3*f**2 - 3*f**2 - 7. Let y be c(-6). Let w(r) = 0*r**2 + 8*r**2 + 4 - y*r**2 - 4*r**2. Calculate w(3).
-5
Let d(l) = 2*l**2 + 0*l - 7*l + 0 + 3 + 8*l. Let b be d(-3). Suppose 6 + b = -4*c. Let i(a) = -a**3 - 6*a**2 + 3*a + 8. Determine i(c).
-10
Let z(k) = 2*k**2 + k + 0*k**3 + k**3 - 4*k**3. Let n be 4 + 0 - (-5 - 10). Suppose -7*o - n + 12 = 0. What is z(o)?
4
Let p(o) = -4 + 3 - 2 - o + 1. Let q(d) = -2*d - 3. Let v be 10/15 + (-38)/(-6). Let u(f) = v*p(f) - 3*q(f). What is u(4)?
-9
Let r(m) = 4*m - 1. Let v be r(1). Suppose 4*a - 3*a + 3 = c, -3*c - v = a. Let s(h) = h + 6. Determine s(c).
6
Let g be 0/((-1*2)/(-2)). Let m(v) be the first derivative of -v**3/3 - v**2/2 - 2*v + 3459. Calculate m(g).
-2
Let n(w) = -5*w - 2. Let g(h) = -4*h - 3. Let x(y) = -4*g(y) + 3*n(y). What is x(-16)?
-10
Let w(v) = 4*v + 25. Let x(q) = -20*q - 120. Let k(p) = -24*w(p) - 5*x(p). Determine k(1).
4
Let i = 146 - 209. Let a = i + 65. Let b(z) = 6*z**2 - 4*z + 3. Give b(a).
19
Let i be (-1)/((-3)/(2 - 8)). Let w(g) be the third derivative of 0*g + 1/60*g**5 + 1/12*g**4 + 1/120*g**6 + 5*g**2 + 0*g**3 + 0. Give w(i).
-8
Let d(a) be the third derivative of a**5/20 - 11*a**4/6 - 2*a**3 + 46*a**2. Let m be d(15). Let c(l) = -l**3 + 3*l + 2. What is c(m)?
-16
Let g = 7 + -4. Let u(z) = -4 + 2*z + z**2 + z + g + 0. Let y be 0/(-24) + (0 - 4). Determine u(y).
3
Suppose -10*b = -b - 9. Let t(h) be the second derivative of -h**5/20 + h**2/2 - 3*h. What is t(b)?
0
Let i(t) be the first derivative of 4*t**2 - t - 5*t**2 + 3*t - 8 + 2*t**2. Determine i(-2).
-2
Suppose 3*j + 5*u + 14 = 0, 5*j + 5*u + 17 = j. Let z(o) = -o**2 - 3*o + 1. Let k be z(j). Let l(h) = 4 - 2 - 2*h**3 - 318*h + 319*h - 3. Calculate l(k).
-2
Let s(c) be the first derivative of c**4/4 - 4*c**3/3 - 11*c**2/2 + 5*c + 115. Determine s(6).
11
Let r(w) = 2*w**3 - 17*w**2 + 2*w - 8. Let h be r(8). Let j = -51 - h. Let d(y) = y**3 - 6*y**2 + 3*y + 3. Calculate d(j).
-7
Suppose 0 = -5*w - 4*q - 22, 4*w = -3*q - 18 - 0. Let k be 4/w*(-3 - 0). Let n(r) = 18 - 7*r**k + 9*r + 0*r**3 - 6 - r**3. What is n(-8)?
4
Let c(m) be the first derivative of -11 + 0*m - 2/3*m**3 + m**2 + 1/4*m**4. Calculate c(2).
4
Let x(w) be the second derivative of -2*w**2 + 2*w + 1/3*w**3 - 1/20*w**5 + 0 - 1/4*w**4. Let a = 1852 - 1856. What is x(a)?
4
Let w = 92 + -94. Let r(v) = 6*v**3 + 2*v**2 + v - 2. What is r(w)?
-44
Let t(h) = -h**3 + 5*h**2 - 3*h + 2. Suppose -3*j + 3*d - 6 = -3, 5*j + 23 = -4*d. Let m be 96/18*j/(-4). Determine t(m).
6
Let t(s) = 3*s - 5. Let o(h) = -4*h - 5. Let a(v) = -v. Let k(w) = -6*a(w) + o(w). Let y(r) = 4*k(r) - 3*t(r). Calculate y(-8).
3
Let d be (-1)/4*(-57 - -1). Let i(k) = -k**2 + 13*k + 15. Give i(d).
1
Let h(z) = -z - 6. Let i be h(0). Let p(c) = 1 + 21 - 296*c + 299*c. Let a be p(i). Let s(l) = l + 3. Determine s(a).
7
Let w(m) = -17*m + 1. Let a(x) = -16*x + 1. Let u = -9 + 11. Suppose 0 = 2*g - 14 + u. Let l(i) = g*a(i) - 5*w(i). Determine l(-1).
12
Let j(o) = -o**2 - o + 2. Let q be (16/24)/((-4)/42). Let k = q - -3. Determine j(k).
-10
Let g(c) be the third derivative of -c**4/24 - c**3 - 68*c**2. What is g(-9)?
3
Let w(x) = x**3 + 6*x**2 + 1. Let c(k) = 4*k**3 + 22*k**2 - 5*k - 4. Let z(o) = -c(o) + 3*w(o). Let b(m) = m**2 - 5. Let y be b(0). Calculate z(y).
7
Let u(r) = 3*r + 1. Suppose -3*f + 17 = 5*y, y + 13 + 2 = 4*f. Give u(y).
4
Let c(b) = b**2 + 10*b + 12. Let p = 182 + -192. Give c(p).
12
Let b(o) = -2*o - 5. Let f = 12 - 24. Let t be 4*((-153)/f)/3. Suppose -p - 17 = 2*k + 2*k, 5*k = 3*p - t. Determine b(k).
3
Let z(b) = -161*b - 25. Let j(s) = 30*s + 5. Let m(f) = -11*j(f) - 2*z(f). What is m(-8)?
59
Let y(k) be the third derivative of -k**6/120 - 13*k**5/60 - 11*k**4/24 + 3*k**3/2 + 22*k**2. Let n be y(-12). Let f(r) = r**3 + 2*r**2 + r - 3. Calculate f(n).
-15
Let b be (-2 + -6 + 10)*(-1)/(-4). Let v(w) be the first derivative of -3 - b*w**2 + 3*w. Calculate v(4).
-1
Let r(b) be the second derivative of -b**3/6 - 9*b**2/2 + 55*b. Calculate r(-9).
0
Let c = 14 + -22. Let h = 4 - c. Suppose -2*x + h = -0*x. Let k(m) = m**2 - 7*m + 5. What is k(x)?
-1
Suppose 5*y + 16 = -q, 0 = -0*q - 4*q + y - 22. Let z(f) = 1. Let n(j) = -j + 6. Let u(b) = q*z(b) + n(b). Give u(2).
-2
Let q = -31 + 45. Suppose v - q = -3*v + c, 5*v - 5*c - 10 = 0. Let n(a) = -3*a + 2. What is n(v)?
-10
Let y = -65 - 26. Let s = 98 + y. Let z(t) = -4*t + 6. Determine z(s).
-22
Suppose 2*x - 3 = -3*d + 4, 3*d + 3*x - 12 = 0. Let i(c) = -3*c. Calculate i(d).
3
Let y(d) = -7*d**2 - 1. Let l be (-6)/(-24) + 14/8. Let u(t) = -t + t - t + l. Let m be u(3). Calculate y(m).
-8
Let d(o) = -o**3 - 5*o**2 - 4*o + 3. Let r(c) = -4*c**3 + c**2 - 3*c + 2. Suppose -2*b + 3 = 5*k, -3*k + 1 = -b - 3. Let j be r(k). Calculate d(j).
3
Let p(g) be the third derivative of -1/24*g**4 + 0*g + 5/6*g**3 + 42*g**2 + 0. Determine p(-6).
11
Let m(n) be the second derivative of n**4/4 - 5*n**3/6 + n**2/2 + 18*n + 8. Determine m(2).
3
Let h(a) = -a - 1. Let j(b) = 2*b**3 - b. Let i be j(1). Let o be (-3 + 5)*i*2. Give h(o).
-5
Let t(r) = 4*r. Suppose -2*i - 10 = u, -3*i + 5*u - 23 = 5. Let g be 8/(-6)*i/2. Suppose -2*q = -g*w + 10, 2*q = q - 4*w + 19. Calculate t(q).
12
Let f(y) be the third derivative of 0 + y**3 - 8*y**2 + 1/30*y**5 + 0*y - 1/4*y**4. Let x(t) be the first derivative of f(t). Calculate x(4).
10
Let s(o) = 284*o**2 + 3*o - 282*o**2 - 228 + 227. Suppose k + 5*n - 2 = 0, 3*n - 2*n = -k - 2. Give s(k).
8
Let w(v) = v + 10. Let m(i) = i**3 + 14*i**2 - i - 14. Let r be 44/(-20) + (-1)/(-5). Let c = r - 12. Let d be m(c). What is w(d)?
10
Suppose 5*z - 8*o = -3*o + 60, 9 = z - 4*o. Let t(i) = 16. Let v(r) = -r + 1. Let a(s) = t(s) + 2*v(s). Calculate a(z).
-8
Let h(s) = -s + 15. Suppose 5*a = 2*k - 29, -5*a + 94*k - 15 = 99*k. Determine h(a).
20
Let s(b) = b**3 - 9*b**2 - 12*b + 9. Let z be s(9). Let q be (-220)/z - (-4)/(-18). Suppose -q*r + 2 = -0*r. Let w(n) = -n**2 + n - 1. Give w(r).
-1
Let f(j) = -j**2 + j - 1. Let z(k) = -k**2 - 6*k - 4. Let w be z(-4). Let a(s) = 2*s - 7. Let b be a(w). What is f(b)?
-1
Suppose -91*x = -88*x - 42. Let m(q) = -q**2 + 12*q + 11. Calculate m(x).
-17
Let k(h) = -h - 6. Let g(a) = -a**2 - 4*a - 3. Let i be (6/5)/(60/(-200)). Let n be g(i). What is k(n)?
-3
Let j(s) = -31*s**3 + s. Let x be j(-1). Let b be (-116)/(-30) - (-4)/x. Let p(m) = -1 + 1 + 2*m - 1 + m**3 + 4*m**2 + b. What is p(-4)?
-5
Let w(u) be the third derivative of -5/24*u**4 + 0 - 4*u**2 - 1/240*u**6 + 0*u**3 - 1/60*u**5 + 0*u. Let s(r) be the second derivative of w(r). What is s(-4)?
10
Let t(y) = -y**3 - 2*y**2 - 4*y - 3. Let a be t(-2). Suppose 0 = -3*n + 41 - 44. Let u = n + a. Let c(g) = -g**3 + 4*g**2 + 2*g - 6. Determine c(u).
2
Suppose -c + 5*h = 3, -h - 1 - 4 = -3*c. Let f be 3 - -2*c/(-4). Let v(b) = -8 + 1 + f*b + 11. Calculate v(3).
10
Suppose -5*j + 3*l + 25 = 0, l + 7 + 2 = 2*j. Let o(f) = f**2 - 2*f**j - 3 - 2*f - 6*f. Calculate o(-3).
12
Let u = 27 + -25. Let y(f) = 2*f**u - f**2 - 3 - 5*f + f. Suppose 2*x = -2 + 10. What is y(x)?
-3
Suppose 92*p + 169 = 105*p. Let d(v) = v**3 - 15*v**2 + 26*v. Determine d(p).
0
Let c be 2/10 - 168/(-35). Suppose 8 = -c*w + q, 4*w + 8 = -2*q - 4. Let g be 6/12*(w + 0). Let s(x) = 3*x + 1. What is s(g)?
-2
Let l(w) = -w**3 - 3*w**2 + 4*w + 6. Let p(d) = -d + 2. Let c(j) = -j**3 + 7*j**2 - 6*j + 7. Let z be c(5). Let h be z/6*16/12. Let m be p(h). What is l(m)?
6
Let o(l) = -2*l**2 + 76*l + 78. Let p be o(39). Let z(m) = m**3 + m**2 + m - 2. Determine z(p).
-2
Let k be (-4)/(-8) + (-35)/(-2). Suppose 0 = -d - 0 - 1. Let t be d/(((-21)/k)/7). Let l(p) = -p**3 + 6*p**2 + p - 2. Calculate l(t).
4
Let x = -774 + 770. Let i(q) = q**2 + 5*q - 4. Determine i(x).
-8
Suppose -5*q - 3*v = 17 - 2, q - 2*v - 10 = 0. Suppose o + 20 = -5*x - 0, q = 3*o - 5*x - 20. Let p(l) = o*l**3 + 0*l - l + 1 - 3*l**2 + l**3. Determine p(2).
-5
Let k(f) be the third derivati